 be r(-3). Let a = 9 - m. What is the units digit of ((-72)/16)/((-3)/a)?
6
Let s be (-57)/(-21) + 2/7. Suppose -2*f + 4*c - 7 = -95, f = -s*c + 49. What is the units digit of f?
6
What is the hundreds digit of 21/(-14)*(-460)/6?
1
Let k(q) = -q**2 + 1 - 20*q + 11*q**3 + 20*q. Let g be k(-1). Let r = g - -27. What is the tens digit of r?
1
Let r(q) = q - 5. Let h(n) = 1. Let f(v) = 5*h(v) + r(v). Let i be (-1 - -3)*2/4. What is the units digit of f(i)?
1
Let l = -300 - -598. What is the units digit of l?
8
Suppose 2*d = -3*d. Suppose d = -2*y - 4, -2*f = -f + y - 18. What is the tens digit of f?
2
Suppose 5*v - 2*v - 5 = -s, -2*v + 2 = 2*s. Suppose 0 = -v*y + 21 + 9. What is the units digit of y?
5
Let q(b) = b + 11. Suppose -6 = -2*z, -4*v + z - 3 = -0*z. What is the tens digit of q(v)?
1
Suppose 3*f + 3*l + 9 = 0, 0 = -f - 4*l - 18 - 0. Let x be (4/6)/(f/(-3)). What is the units digit of -1 - (-1 - 2 - x)?
1
Let u = -39 + 85. What is the tens digit of u?
4
Let g(l) = 56*l - 1. Let s be g(1). Suppose -5*d + 5 = z - s, -5*z = 0. What is the tens digit of d?
1
Suppose k + 2*g = -k - 14, 0 = -5*k - g - 47. Let p = k + -1. Let f = -5 - p. What is the units digit of f?
6
Suppose 2*u + 28 = u. Let o = u + 8. Let k = 28 + o. What is the units digit of k?
8
Let s = -92 - -195. What is the units digit of s?
3
Let t(f) = -11*f**2 + 12*f - 4. Let q(u) = -5*u**2 + 6*u - 2. Let b(c) = 9*q(c) - 4*t(c). Suppose 28 = m + 6*m. What is the units digit of b(m)?
6
Let g(j) = 4*j - 4 + 2*j**2 + 3 - 5*j. Let t be g(-1). Let r = 11 - t. What is the units digit of r?
9
Let l be (-26)/6 + (-2)/3. Let u = l + 7. Suppose -2*t = 3*y - 4*y - 3, -t - u*y = -9. What is the units digit of t?
3
Suppose 8*u = -4*m + 4*u - 4, 0 = 4*m + 2*u - 2. Let n be 14/4 - m/(-4). Suppose -2*t - 2*t = -n. What is the units digit of t?
1
Let h(u) be the third derivative of u**6/120 + 11*u**5/60 - 13*u**4/24 + 17*u**3/6 + u**2. What is the tens digit of h(-12)?
2
Let u(d) = -18*d - 13. What is the units digit of u(-4)?
9
Suppose 4*f = -0*f, -l + 8 = -5*f. Let c(u) = u - 11. Let n be c(7). Let a = l + n. What is the units digit of a?
4
Suppose -2*k - 3*k = -65. Let w = k + -9. Let p = w - 0. What is the units digit of p?
4
Let q = -3 + 1. What is the units digit of (q/4)/(7/(-126))?
9
What is the tens digit of ((-20)/(-25))/((-4)/(-290))?
5
Suppose -3*r - 470 = -8*r. What is the units digit of r?
4
Suppose 3*u = -15, -2*d - 2*u = -4*u - 14. Suppose 0*f - 54 = -2*n - 4*f, -d = -f. Let l = n + -13. What is the units digit of l?
0
Let s = 25 - 35. Let x = 29 - s. What is the units digit of x?
9
Let q(y) = -11*y + 174. What is the hundreds digit of q(0)?
1
Let r(x) = 25*x + 20. Let v(n) = -6*n - 5. Let g(m) = 2*r(m) + 9*v(m). Let u be g(-4). Suppose 3*i - 1 + u = 4*q, 5*q - 15 = 5*i. What is the units digit of q?
1
Let b = 3 - 5. Let a = b + 3. What is the units digit of a?
1
Let n(o) = 4*o + 25. What is the units digit of n(9)?
1
Suppose 2*r = 5*t + 5*r - 242, -4*r + 246 = 5*t. What is the units digit of t?
6
Suppose 0*d + 33 = 3*d. Suppose -2*i = -5*s - 0*i + 9, 3*i = -6. What is the tens digit of ((-1 - -4) + d)/s?
1
Let i be (0/(2/1))/(-2). Suppose -4*g + 10 + 2 = i, 4*g - 114 = -3*v. What is the tens digit of v?
3
Let a(i) = -i**3 + 2*i**2 - 2*i - 1. Let q be a(4). Let l = q - -68. What is the tens digit of l?
2
Let k(i) be the second derivative of 0 + 1/3*i**3 - 7/2*i**2 - i. What is the units digit of k(5)?
3
Let f = -56 - -66. What is the units digit of f?
0
Let r(k) = -k**3 - 3 + 4 + 5*k**2 - 3*k + 0. Let g be (-6)/((-9)/3) + 2. What is the units digit of r(g)?
5
What is the units digit of ((-6)/9)/((-10)/135)?
9
Suppose 2*n - 631 + 49 = 0. What is the tens digit of n?
9
Let l(p) be the second derivative of p**3/6 - 3*p**2/2 - p. What is the units digit of l(4)?
1
Let o be (-3)/(-5) - (-2)/5. What is the units digit of (-1 + o - 1) + 7?
6
Let z be (-6 - -2)/((-6)/(-9)). What is the units digit of (-147)/(-9) + (-4)/z?
7
Let p(m) = m**3 + 7*m - 3. What is the units digit of p(3)?
5
Let r = 15 + -7. Let x(u) = u**3 - 8*u**2 + 4*u - 12. What is the tens digit of x(r)?
2
Suppose -2*s = -4*c - 2 + 12, -2*s = 5*c + 10. What is the tens digit of 0 - -1 - (-19 + c)?
2
Let a = 10 + -8. Suppose x = a*v - 33 - 14, -2*v - 4*x = -42. What is the tens digit of v?
2
Suppose x + 2*x - 9 = 0. Suppose -5*i - 4 = 1. What is the units digit of 2 + (-3)/x - i?
2
Let o(j) be the third derivative of 17*j**5/60 + j**4/12 + j**3/6 + j**2. What is the units digit of o(-1)?
6
Let v(i) be the second derivative of 7*i**3/3 - 3*i. Suppose -2*u + 5*u = 3. What is the units digit of v(u)?
4
Suppose -55 = -m - 5*q, 0*m = 4*m - q - 157. What is the units digit of m?
0
Suppose 0 = -133*z + 138*z - 310. What is the units digit of z?
2
What is the tens digit of 6 - -6 - (-2 - -2)/(-3)?
1
Let i = -31 - -53. What is the units digit of i?
2
Let o(w) = 2*w + 1. Let j be o(4). Let n = -4 + j. What is the units digit of n?
5
What is the tens digit of (3 + 26/(-10))*185?
7
Suppose -h = -a - 95, 20 = -a - 3*a. What is the units digit of h?
0
Let s be 2 - 4/(-1 - -2). Let k be (8/(-14))/(s/7). Suppose -4*d = -3*d + 3*f + k, -4*d + f = -5. What is the units digit of d?
1
What is the tens digit of ((-40)/(-3))/((-2)/(-3))?
2
Suppose -3*b + 4*m + 22 = -91, b - 55 = -3*m. Suppose -3*f - q + 4*q = 48, 4*f = -3*q - b. Let z = -5 - f. What is the units digit of z?
8
Let i = 60 + -8. What is the units digit of i?
2
Suppose 0 = x + 4, -4*m + 143 = 2*x - 177. What is the units digit of m?
2
Let l(u) = u**3 - 7*u**2 - 6*u - 7. What is the units digit of l(8)?
9
Let j(p) = -7*p - 3. Suppose 8*z - 3*z - v = 13, -4*z + 10 = -v. Let i be j(z). What is the units digit of 1/(21/i + 1)?
8
Let c(q) = -q**3 + 10*q**2 - 9*q - 1. Let g be c(9). Let t = 4 - 0. Let s = g + t. What is the units digit of s?
3
Suppose 3*l = 4*d + 792, 792 = 3*l - 0*d + d. What is the units digit of l?
4
Let q(k) = -2*k**2 - 16*k + 2. What is the units digit of q(-8)?
2
Suppose -10 = 4*i - 50. Suppose 0 = 2*k + 4 - i. Suppose z - k = -0*z. What is the units digit of z?
3
What is the units digit of 2/(-12) - (-1629)/54?
0
What is the tens digit of ((-132)/8)/(-3 + 228/80)?
1
Let q = -45 + 99. What is the units digit of q?
4
Suppose -25*q + 22*q + 186 = 0. What is the units digit of q?
2
Let q = -19 + 6. Let n be (-38)/8*(-1 + -3). Let u = n + q. What is the units digit of u?
6
Suppose 4*p = 6*p. Suppose 2*g = -p*g + 26. Let j = g + 0. What is the units digit of j?
3
Let p(i) = i**3 + 4*i**2 - i + 1. Let l be p(-4). Suppose -j - l*a + 14 = 0, -4*j + 24 = -0*a + 4*a. What is the units digit of j?
4
Suppose -b - 3 = -7, -h + 4*b - 38 = 0. Let q = 49 + h. Suppose 3*z - 2*d - q = -8, -3*z - 4*d = 11. What is the units digit of z?
3
What is the units digit of ((-14)/21)/(2/(-78))?
6
What is the hundreds digit of ((-12)/(-10))/(10611/(-1770) - -6)?
2
Let x(u) = 3*u + 1. Let q(f) be the third derivative of f**4/12 + f**3/3 - 2*f**2. Let b(h) = -4*q(h) + 3*x(h). What is the units digit of b(6)?
1
Suppose -36 = -14*n + 13*n. Let s = 75 - n. What is the units digit of s?
9
Suppose 3*z = -6, 2*w + 3*z + 0 = 8. Suppose 5*l - w*l + 78 = 0. What is the units digit of l?
9
Let d = -208 + 424. What is the tens digit of d?
1
Let t(l) = -l**2 - l - 1. Let f(p) = 5*p**2 - 5*p - 10. Suppose -6 + 1 = 5*x. Let k(w) = x*f(w) - 4*t(w). What is the units digit of k(10)?
4
Let t(u) = 9*u + 3. Let l be t(6). Suppose 2*d = l - 21. What is the units digit of d?
8
Suppose -10*x - 3*x = -390. What is the units digit of x?
0
Let b(y) = -y**2 + 11*y - 4. Let l be b(11). What is the units digit of (-22)/l - (-1)/2?
6
Let h(u) = -5 - 2 - 13*u - 3 - u**2. What is the units digit of h(-8)?
0
Let h = 4 - 1. Suppose 4*t = -3*j - 75, h*t - t + j + 37 = 0. Let x = 30 + t. What is the units digit of x?
2
Let d = -9 + 50. What is the units digit of d?
1
Let h = 15 + -12. Suppose -4*l + h*l = -7. What is the units digit of l?
7
Suppose 0*x + x = 1. Let k = x - 2. What is the units digit of 0/k - 1 - -17?
6
Let q = 268 - -93. What is the hundreds digit of q?
3
Let s(l) = -3*l + 0*l - 4 - 2*l**2 - 6*l**3 + 2 - 30*l**3. What is the units digit of s(-1)?
5
Suppose -5*d + 31 + 4 = 0. Let n = d - 5. What is the units digit